28b3
What is -11c136 (base 13) in base 12?
-186940
134503120 (base 6) to base 14
516840
-71976 (base 10) to base 14
-1c332
What is -772298 (base 14) in base 9?
-7536368
What is -ba616 (base 14) in base 10?
-451212
10003011 (base 6) to base 16
4480f
What is -b8b06 (base 12) in base 11?
-156a53
What is 232 (base 15) in base 12?
355
Convert 4565228 (base 9) to base 7.
26642165
Convert 46ae (base 15) to base 2.
11101010100110
What is 193230b (base 12) in base 13?
1133717
What is -5667 (base 16) in base 14?
-80bd
What is -220211100121 (base 3) in base 7?
-4103515
Convert 141402 (base 10) to base 14.
39762
102030230211 (base 4) to base 12
1720919
What is -b70521 (base 12) in base 5?
-1214224144
What is 110331322 (base 5) in base 15?
97442
Convert -3279520 (base 10) to base 5.
-1314421040
-10100010010110111110110 (base 2) to base 13
-114374a
What is -8be7c (base 15) in base 9?
-747860
Convert 43214065 (base 8) to base 11.
5246268
What is -199614 (base 10) in base 13?
-6cb1c
What is -583721 (base 9) in base 11?
-21a382
What is -1001000011000010011 (base 2) in base 7?
-2343223
What is 10111110001101100001 (base 2) in base 6?
24410545
Convert -62514154 (base 7) to base 6.
-304500244
Convert 113e8 (base 16) to base 12.
34a60
Convert 1a8292 (base 14) to base 13.
270b66
13532035 (base 6) to base 8
1610427
What is -99371 (base 11) in base 13?
-50826
122112001000221 (base 3) to base 6
531321341
Convert -199742 (base 12) to base 5.
-103431231
Convert -5943b (base 16) to base 4.
-1121100323
What is 10002212200 (base 3) in base 4?
32323122
-323d45 (base 14) to base 9
-3172471
What is 162a559 (base 11) in base 3?
12020021222202
-10100110011110110 (base 2) to base 3
-11022220222
Convert -10111100101000000 (base 2) to base 8.
-274500
-627564 (base 9) to base 6
-11554434
What is 101110 (base 4) in base 7?
3142
22116211 (base 7) to base 13
5186aa
What is 24d33 (base 15) in base 7?
1000134
Convert 245a65 (base 11) to base 16.
5edfa
-655106 (base 12) to base 15
-21aa5c
What is 10441001 (base 6) in base 3?
121002002001
Convert -1cbb8 (base 16) to base 4.
-130232320
-f70f (base 16) to base 2
-1111011100001111
Convert 163651 (base 8) to base 11.
40614
-978aa8 (base 11) to base 15
-20d5b7
Convert -b0c7 (base 14) to base 9.
-45572
1266 (base 11) to base 12
b51
90799 (base 11) to base 16
20674
What is 1447007 (base 9) in base 5?
201031431
-202120101021 (base 3) to base 5
-100423442
What is -52364023 (base 7) in base 10?
-4419229
Convert 423031240 (base 5) to base 3.
10022210211012
Convert 114b3d3 (base 15) to base 3.
212022111120100
14544202 (base 6) to base 7
4230302
What is 1101424214 (base 5) in base 6?
122513140
1485571 (base 10) to base 15
1e5281
Convert -3100333013 (base 4) to base 13.
-23c819
-4859753 (base 10) to base 4
-102202131221
Convert 11046115 (base 8) to base 7.
26135235
998486 (base 10) to base 6
33222342
What is 1440473 (base 8) in base 10?
409915
What is 5702d (base 15) in base 16?
43939
Convert 1033747 (base 10) to base 14.
1cca31
-12274 (base 13) to base 11
-230a3
Convert 301242130 (base 6) to base 15.
6ad186
Convert 622515 (base 7) to base 5.
11402322
What is -1057380 (base 10) in base 16?
-102264
-1267254 (base 12) to base 2
-1101110011111010100000
2ac552 (base 13) to base 16
101af0
What is -a5231 (base 16) in base 7?
-5515005
Convert 26021a (base 13) to base 15.
130d93
Convert -1200343022 (base 5) to base 8.
-12364415
144b6d (base 14) to base 15
ddc12
-33432 (base 16) to base 12
-a1616
What is 3891249 (base 10) in base 13?
a6321b
1901b (base 15) to base 16
13c82
Convert 10000000010011111001 (base 2) to base 9.
880836
What is 22886ac (base 13) in base 12?
3693480
Convert 2388562 (base 11) to base 8.
17662544
42a7e (base 15) to base 12
a256b
Convert -83c050 (base 15) to base 12.
-2122bb6
Convert -1c11bb (base 16) to base 15.
-2650b7
What is -13a343 (base 12) in base 10?
-328803
What is -4aa25 (base 12) in base 5?
-11223233
220016 (base 9) to base 13
47970
Convert -1110100110010000 (base 2) to base 16.
-e990
What is 317921 (base 12) in base 13?
21442c
-12320153 (base 6) to base 14
-a56cd
What is -9d3eb7 (base 16) in base 5?
-10114231312
500464a (base 11) to base 14
126a405
Convert 100403 (base 9) to base 15.
128d6
-6952385 (base 10) to base 3
-111002012212202
Convert -11562a (base 11) to base 6.
-3531413
Convert 275424 (base 14) to base 8.
5136370
Convert -24434031 (base 5) to base 11.
-14a5a1
Convert -14024320 (base 5) to base 12.
-6a538
What is 1e997 (base 15) in base 12?
49a8a
Convert -1101111100010001110 (base 2) to base 3.
-212012200020
Convert -37a51 (base 16) to base 8.
-675121
Convert 1358d9 (base 14) to base 11.
417324
Convert -dca6c (base 14) to base 16.
-82778
8a133 (base 14) to base 11
209774
Convert -9f58 (base 16) to base 5.
-2301132
5757d3 (base 14) to base 3
12121001121120
What is 3131244324 (base 5) in base 2?
11000110101001100011011
-1515450 (base 7) to base 8
-622317
What is -321321022 (base 4) in base 5?
-30042010
What is 110102011122122 (base 3) in base 2?
11001001010101001001101
What is -71b937 (base 14) in base 6?
-214111245
Convert -1111110010110111000 (base 2) to base 8.
-1762670
-186160 (base 12) to base 8
-1476530
Convert -18b717 (base 16) to base 13.
-449330
What is 18482b (base 16) in base 6?
54035151
Convert 59382 (base 11) to base 6.
1500245
70e42 (base 15) to base 8
1272323
What is -127400 (base 10) in base 3?
-20110202112
31ca8 (base 14) to base 11
82589
Convert -c87bc (base 14) to base 8.
-1662202
Convert 125273 (base 13) to base 10.
439832
Convert 1222022431 (base 5) to base 8.
13115743
31025 (base 13) to base 5
10303121
What is 302115 (base 8) in base 9?
161320
-236a3 (base 12) to base 7
-255621
-349b9a (base 15) to base 13
-6a0165
60246330 (base 7) to base 8
23013516
What is 2022121321 (base 4) in base 2?
10001010011001111001
-6641735 (base 9) to base 10
-3570512
What is -12240030 (base 5) in base 3?
-20000001120
-7260512 (base 11) to base 15
-11d0ee8
What is 329958 (base 13) in base 6?
41320120
31046205 (base 8) to base 14
c31697
611c3 (base 15) to base 11
1a0066
-19776 (base 10) to base 3
-1000010110
Convert 41187 (base 11) to base 10.
60111
Convert 100001101001000111 (base 2) to base 9.
230020
Convert -101001001010 (base 2) to base 15.
-ba9
Convert 32300033313 (base 4) to base 8.
16601767
What is 1265750 (base 12) in base 13?
9988c2
Convert 303204012 (base 5) to base 10.
1225507
-ab258 (base 14) to base 15
-82d94
-1d67c (base 15) to base 7
-546534
What is -1361038 (base 9) in base 12?
-301352
Convert 3420a8 (base 11) to base 3.
1000122220120
What is -a545 (base 13) in base 6?
-253520
Convert -11100100101101110100 (base 2) to base 4.
-3210231310
What is -11410410 (base 6) in base 7?
-3024030
Convert -630561 (base 9) to base 5.
-43440222
What is 31230102002 (base 4) in base 13?
988922
Convert -591436 (base 10) to base 6.
-20402044
565683 (base 12) to base 10
1378179
What is 39714 (base 14) in base 15?
2bd24
Convert -1073401 (base 10) to base 2.
-100000110000011111001
What is -1001110111110110 (base 2) in base 13?
-15538
Convert -215413 (base 6) to base 13.
-82cb
Convert 11ef16 (base 16) to base 7.
12663404
What is 526428 (base 14) in base 9?
5211784
301331232301 (base 4) to base 3
220122102221121
What is 276a (base 16) in base 8?
23552
Convert 13424300 (base 7) to base 4.
10301023313
-11120100201 (base 3) to base 7
-523120
33440401 (base 7) to base 6
142100421
What is 2576344 (base 8) in base 11?
452027
What is -912508 (base 11) in base 16?
-1663ef
What is -100111110000110001 (base 2) in base 9?
-267361
-110553132 (base 7) to base 3
-110120122202120
What is 1065142 (base 7) in base 14?
36ac9
What is 1680701 (base 10) in base 16?
19a53d
Convert 10221002120 (base 3) to base 13.
29286
-1d2d6 (base 16) to base 12
-591b2
-9d26e (base 15) to base 16
-7a156
-174975 (base 10) to base 5
-21044400
Convert -51174 (base 11) to base 5.
-4342423
Convert -2075072 (base 11) to base 9.
-6776058
What is 230c8 (base 13) in base 9?
106554
Convert 10221245 (base 9) to base 11.
2857892
Convert 111101010011111011 (base 2) to base 13.
8a3ca
What is 210100212222 (base 3) in base 8?
1465307
Convert -bcd36a (base 15) to base 10.
-9005275
What is 408205 (base 13) in base 14?
2b1ab9
Convert -191635 (base 13) to base 11.
-3a158a
What is -11